10000 (base 2) in base 5?
-20024112
What is -237ac (base 16) in base 11?
-9a203
Convert -12ad023 (base 14) to base 6.
-521234343
What is 1261445 (base 8) in base 5?
42244221
Convert -149fe8 (base 16) to base 6.
-44545400
8a551 (base 13) to base 12
101575
Convert 94654 (base 11) to base 12.
6795a
What is 12101221221 (base 3) in base 2?
11001111110100101
-493793 (base 14) to base 12
-a0a819
What is 10775165 (base 10) in base 14?
1606b49
What is 1037893 (base 11) in base 2?
110111101110001001111
What is 12012010222000 (base 3) in base 4?
22201131231
What is -bb1265 (base 12) in base 13?
-7cb830
Convert 3405498 (base 10) to base 12.
1182936
7762aa (base 11) to base 8
4562260
What is 218213 (base 11) in base 9?
578784
What is -2616045 (base 7) in base 11?
-212a16
What is 1111381 (base 11) in base 10?
1949036
-239362 (base 11) to base 7
-3134211
-10001332200 (base 4) to base 14
-1d7128
What is 190cc5 (base 16) in base 4?
12100303011
What is 1939993 (base 11) in base 5?
1314344423
What is 15302610 (base 8) in base 4?
31120112020
What is -10111111110011100010 (base 2) in base 15?
-107ba9
Convert 1838097 (base 10) to base 16.
1c0c11
Convert -35404232 (base 6) to base 13.
-2c9045
11020231330 (base 4) to base 11
83a656
21bc92b (base 13) to base 5
10123221004
Convert 22013331 (base 4) to base 6.
515553
What is -11312310020 (base 4) in base 15?
-204d45
Convert c0369 (base 14) to base 6.
13521213
Convert -2122 (base 13) to base 14.
-195d
577323 (base 12) to base 15
1ca57c
2e6927 (base 16) to base 3
12201112020221
What is -4557b (base 13) in base 7?
-1033601
100111010011 (base 2) to base 13
11b6
-1502348 (base 9) to base 13
-2300c6
-13042076 (base 8) to base 6
-142102450
What is -13134 (base 14) in base 15?
-dd60
28b93 (base 12) to base 6
1115503
What is 2014a37 (base 11) in base 6?
204221321
5917760 (base 10) to base 6
330501012
-3322530 (base 6) to base 4
-220221312
What is 1507386 (base 9) in base 8?
3131156
Convert 11355 (base 16) to base 7.
412332
Convert -457e03 (base 15) to base 8.
-14517233
Convert -422125 (base 7) to base 3.
-10200211201
Convert -1acbba (base 13) to base 7.
-5552620
What is -a01218 (base 11) in base 12?
-658b1a
What is 51785 (base 9) in base 12?
17942
Convert -900097 (base 13) to base 10.
-3341761
What is 141313 (base 10) in base 12?
69941
Convert -504984 (base 10) to base 8.
-1732230
-5b038 (base 13) to base 2
-101000110001101011
What is 26167 (base 15) in base 5?
12344242
1001000000001010110 (base 2) to base 3
112222122212
What is -aac30c (base 13) in base 12?
-142163b
Convert 62222346 (base 8) to base 10.
13182182
What is 1108620 (base 12) in base 5?
1312441103
44544431 (base 7) to base 5
1442004442
Convert -2130002333 (base 4) to base 2.
-10011100000010111111
What is 3334110 (base 5) in base 3?
2222110102
9a8790 (base 13) to base 8
15721253
Convert -7b66 (base 14) to base 4.
-11033032
-43334414 (base 5) to base 8
-1325042
What is -1000111100000011001100 (base 2) in base 15?
-3143cb
-c2978 (base 13) to base 15
-6d4eb
1021110200120 (base 3) to base 7
5524023
Convert -15c8d26 (base 14) to base 6.
-1021232222
What is 213475 (base 9) in base 3?
20110112112
329598 (base 10) to base 6
11021530
What is 162061006 (base 7) in base 12?
3804414
Convert -1891296 (base 10) to base 16.
-1cdbe0
-11201200211 (base 3) to base 15
-1c8b1
What is -441533 (base 8) in base 12?
-719b7
-25034604 (base 7) to base 8
-10437154
Convert -ae9a2 (base 16) to base 11.
-449355
524452 (base 12) to base 5
312340212
3530334 (base 6) to base 14
4a8dc
What is -1a753a7 (base 11) in base 16?
-35476d
Convert -a9173 (base 13) to base 8.
-1124756
-2044bd (base 16) to base 7
-23655310
-231337 (base 8) to base 9
-128677
Convert -6a0177 (base 11) to base 16.
-10fb59
What is 12122000132 (base 4) in base 5?
412220030
What is -420056 (base 7) in base 4?
-101212013
Convert 2024332 (base 6) to base 11.
66888
Convert -110104010 (base 6) to base 11.
-1124811
-14d41a (base 15) to base 4
-3311301103
Convert 10742475 (base 9) to base 8.
23733726
Convert 1027225 (base 8) to base 14.
71c45
2179362 (base 10) to base 8
10240442
Convert 115326350 (base 7) to base 11.
40a1061
Convert 9118b (base 12) to base 7.
1413602
What is 3222204443 (base 5) in base 13?
15540a1
Convert 1a49a (base 15) to base 6.
1455244
1811c6a (base 14) to base 5
11020010414
What is -1227 (base 8) in base 14?
-355
Convert -7be4 (base 15) to base 10.
-26314
What is -3329c5 (base 13) in base 10?
-1205638
What is 228060 (base 9) in base 7?
1110504
Convert ac96c (base 13) to base 2.
1001100100011110001
What is 232003 (base 7) in base 9?
62837
Convert -110111000100000000000 (base 2) to base 7.
-21223213
6475d (base 14) to base 11
156573
10600103 (base 7) to base 11
5815a8
14535034 (base 6) to base 8
1744736
3020062 (base 7) to base 16
575a1
-16b01 (base 15) to base 12
-36547
What is -34314014 (base 5) in base 12?
-129a74
Convert 44332 (base 10) to base 14.
12228
5052575 (base 8) to base 9
2450882
What is -25e39a (base 16) in base 13?
-68c2b7
Convert 4512503 (base 6) to base 7.
1635006
Convert 438272 (base 9) to base 12.
107702
Convert -1334050 (base 9) to base 14.
-1506ac
What is 2021111 (base 4) in base 12?
5105
-33ca (base 13) to base 15
-2244
What is -2856108 (base 9) in base 13?
-4309ca
-1315065 (base 8) to base 5
-43222112
What is -2202230310 (base 4) in base 12?
-2817b0
What is -2014243044 (base 5) in base 2?
-1111011110001111011000
Convert 35154305 (base 7) to base 3.
12210221121012
-402520134 (base 6) to base 2
-11010001001001010111010
What is -43716 (base 14) in base 10?
-163288
-1101001010111101111 (base 2) to base 4
-1221113233
Convert 110034513 (base 6) to base 11.
1121a53
What is -588772 (base 16) in base 5?
-2441124332
53254b (base 15) to base 5
2003103241
100100000110000010111001 (base 2) to base 6
534445145
What is -145540203 (base 6) in base 10?
-3076779
Convert -85215 (base 9) to base 11.
-39340
What is 11023230011 (base 4) in base 8?
5135405
Convert 3232222 (base 4) to base 14.
57d0
Convert -120102011201 (base 3) to base 16.
-4a11f
348b83 (base 12) to base 8
3162223
What is -61011 (base 8) in base 9?
-37375
6044265 (base 7) to base 8
2570327
What is 10100001101000100100 (base 2) in base 12?
27b170
What is 1700603 (base 9) in base 3?
1210000200010
12331131100 (base 4) to base 10
1824592
What is -8e4a6 (base 16) in base 12?
-241346
Convert 1686902 (base 10) to base 3.
10011200222212
235726 (base 9) to base 10
142017
-16475 (base 11) to base 14
-8649
-45504566 (base 7) to base 8
-17106165
-a018a (base 12) to base 3
-101112210021
Convert -293650 (base 11) to base 10.
-458645
-11201201120 (base 3) to base 15
-1c8c6
Convert 1ee3c (base 15) to base 2.
11000101011011010
Convert -c3733c (base 13) to base 7.
-53510053
Convert -1230024 (base 8) to base 16.
-53014
-122255003 (base 6) to base 5
-1100342130
730760 (base 14) to base 4
32303220000
Convert -929233 (base 10) to base 5.
-214213413
What is 11159 (base 11) in base 14?
5c61
2010001020202 (base 3) to base 10
1122842
Convert 5605693 (base 10) to base 6.
320052141
What is 23aca (base 16) in base 4?
203223022
What is 100111000101011010101 (base 2) in base 4?
10320223111
Convert -33003213113 (base 4) to base 2.
-1111000011100111010111
Convert -2200022221 (base 4) to base 12.
-2777a1
Convert -12432121 (base 5) to base 10.
-124036
2535534 (base 7) to base 14
87a1b
What is -9d6c0 (base 14) in base 7?
-3152630
What is -11111001101101001110101 (base 2) in base 7?
-126356235
Convert -73392 (base 10) to base 15.
-16b2c
497229 (base 13) to base 11
aa0878
What is ddd96 (base 14) in base 9?
1008601
-158867b (base 13) to base 15
-91d704
What is -4354051 (base 6) in base 2?
-110101000011101111
What is 174dc3c (base 15) in base 12?
5818186
Convert 22030321123 (base 4) to base 14.
4d8831
Convert -302032132221 (base 4) to base 7.
-216625212
Convert -a1657 (base 12) to base 3.
-101200002111
What is -41354332 (base 6) in base 13?
-32bc04
2919769 (base 13) to base 9
26482157
-4355530 (base 7) to base 3
-1000011212221
Convert -813404 (base 9) to base 10.
-481468
What is -8faf9 (base 16) in base 9?
-1086280
1040334 (base 6) to base 15
105ea
What is -1ba7b6 (base 14) in base 13?
-288437
What is -1808357 (base 9) in base 7?
-11404330
-353a6 (base 12) to base 15
-16256
37536568 (bas